a multiple of 5?
True
Is 27 a factor of 4282740?
True
Does 98 divide 94080?
True
Does 169 divide 570591?
False
Does 122 divide 18773?
False
Is 171 a factor of 1715301?
True
Does 158 divide 1018310?
True
Is 194 a factor of 12554?
False
Does 121 divide 81718?
False
Does 55 divide 3620650?
True
Is 888 a factor of 20715264?
True
Is 8022431 a multiple of 1241?
False
Does 3 divide 99637?
False
Is 12 a factor of 107652?
True
Is 16 a factor of 5138?
False
Is 90 a factor of 29610?
True
Is 35 a factor of 179305?
True
Does 8 divide 2682172?
False
Is 4740281 a multiple of 13?
True
Is 449196 a multiple of 25?
False
Is 224532 a multiple of 42?
True
Is 736830 a multiple of 15?
True
Does 346 divide 479210?
True
Does 58 divide 383786?
True
Is 365075 a multiple of 270?
False
Does 27 divide 4076?
False
Is 926652 a multiple of 1457?
True
Is 1159507 a multiple of 17?
False
Is 193 a factor of 1003032?
False
Is 43 a factor of 78690?
True
Does 205 divide 258483?
False
Is 13 a factor of 36350?
False
Is 30240 a multiple of 504?
True
Is 396 a factor of 320013?
False
Is 1563063 a multiple of 231?
False
Is 36 a factor of 80058?
False
Is 674 a factor of 1991021?
False
Is 11 a factor of 1361264?
False
Is 2042106 a multiple of 15?
False
Is 86 a factor of 301510?
False
Is 7618490 a multiple of 22?
True
Does 9 divide 51763?
False
Is 28 a factor of 3818808?
True
Does 547 divide 344610?
True
Does 12 divide 3634212?
True
Does 2 divide 531352?
True
Does 211 divide 664936?
False
Does 46 divide 97762?
False
Is 45 a factor of 2694015?
True
Does 24 divide 244440?
True
Is 86 a factor of 158326?
True
Does 81 divide 2023947?
True
Does 228 divide 570000?
True
Does 76 divide 583300?
True
Does 134 divide 758602?
False
Does 66 divide 724020?
True
Is 5 a factor of 905902?
False
Does 41 divide 2415722?
False
Does 10 divide 327140?
True
Does 996 divide 2089207?
False
Is 21 a factor of 1139238?
False
Does 60 divide 49860?
True
Does 2 divide 190330?
True
Is 266 a factor of 183540?
True
Does 39 divide 2155092?
False
Does 9 divide 7072597?
False
Is 5 a factor of 724240?
True
Is 24479419 a multiple of 26?
False
Does 71 divide 43874?
False
Is 16543 a multiple of 9?
False
Is 101966 a multiple of 17?
True
Does 62 divide 4675296?
True
Is 10 a factor of 782690?
True
Is 232471 a multiple of 3?
False
Is 74 a factor of 2583371?
False
Is 552 a factor of 374808?
True
Does 337 divide 1399084?
False
Is 1328166 a multiple of 166?
True
Does 61 divide 2194860?
False
Does 40 divide 1256800?
True
Does 1433 divide 2602328?
True
Does 17 divide 13474523?
True
Does 4 divide 5411480?
True
Is 920804 a multiple of 422?
True
Does 643 divide 7933102?
False
Is 22 a factor of 1789810?
True
Does 44 divide 112332?
True
Is 10 a factor of 463759?
False
Does 5 divide 88565?
True
Is 155880 a multiple of 36?
True
Does 95 divide 86925?
True
Is 5 a factor of 52143?
False
Is 766245 a multiple of 23?
True
Does 84 divide 256761?
False
Is 7 a factor of 245039?
False
Is 1864646 a multiple of 53?
True
Is 20 a factor of 118073?
False
Does 78 divide 504894?
True
Does 354 divide 19976191?
False
Is 387618 a multiple of 66?
True
Is 293484 a multiple of 444?
True
Does 107 divide 165281?
False
Is 1332781 a multiple of 14?
False
Is 851440 a multiple of 40?
True
Is 1060055 a multiple of 41?
True
Is 162 a factor of 7393680?
True
Is 233688 a multiple of 84?
True
Does 308 divide 2294292?
True
Is 604 a factor of 256096?
True
Is 16 a factor of 158974?
False
Does 113 divide 368380?
True
Is 487253 a multiple of 10?
False
Does 52 divide 55722?
False
Is 77269 a multiple of 91?
False
Does 66 divide 107052?
True
Is 35830 a multiple of 10?
True
Is 60049 a multiple of 77?
False
Does 745 divide 1948920?
True
Is 105 a factor of 10896862?
False
Is 573 a factor of 3399036?
True
Is 9771968 a multiple of 32?
True
Is 2673717 a multiple of 5?
False
Is 94344 a multiple of 24?
True
Is 157953 a multiple of 10?
False
Is 1526 a factor of 14435960?
True
Is 13936 a multiple of 11?
False
Is 6519758 a multiple of 39?
False
Is 427929 a multiple of 201?
True
Does 42 divide 134348?
False
Is 19 a factor of 24899637?
False
Is 786 a factor of 8406659?
False
Is 509625 a multiple of 135?
True
Is 13 a factor of 508924?
True
Does 31 divide 172112?
True
Does 18 divide 3084930?
True
Does 1399 divide 2678982?
False
Does 4 divide 127180?
True
Does 121 divide 1863037?
True
Is 99 a factor of 2052891?
False
Does 85 divide 1167305?
True
Does 58 divide 2460302?
True
Is 29 a factor of 212104?
False
Does 4 divide 9832?
True
Is 65 a factor of 28990?
True
Is 298835 a multiple of 59?
True
Is 2647639 a multiple of 39?
False
Does 61 divide 1851466?
False
Does 22 divide 6821096?
False
Is 17 a factor of 4466478?
True
Is 618800 a multiple of 10?
True
Does 1089 divide 86143?
False
Is 46 a factor of 788176?
False
Is 1568722 a multiple of 12?
False
Does 35 divide 54075?
True
Is 1054261 a multiple of 20?
False
Does 159 divide 10230855?
True
Is 250 a factor of 140815?
False
Does 66 divide 710964?
False
Does 723 divide 796023?
True
Does 12 divide 64776?
True
Is 60 a factor of 416805?
False
Is 27 a factor of 156568?
False
Is 205 a factor of 101065?
True
Does 6 divide 31466?
False
Is 26 a factor of 13242882?
False
Does 36 divide 1633411?
False
Is 129 a factor of 228794?
False
Is 76 a factor of 867756?
False
Is 911001 a multiple of 39?
True
Is 7 a factor of 405825?
True
Is 84 a factor of 254641?
False
Is 346 a factor of 484824?
False
Is 8 a factor of 1074638?
False
Is 376 a factor of 156666?
False
Is 18 a factor of 5357826?
True
Is 103489 a multiple of 14?
False
Is 1789215 a multiple of 303?
True
Is 496041 a multiple of 21?
True
Is 132 a factor of 495528?
True
Is 987708 a multiple of 12?
True
Does 53 divide 1036738?
False
Is 146544 a multiple of 6?
True
Does 4 divide 1711076?
True
Is 181 a factor of 64208?
False
Is 112135 a multiple of 300?
False
Does 13 divide 217542?
True
Does 361 divide 650161?
True
Is 183923 a multiple of 17?
True
Is 16 a factor of 775008?
True
Is 238 a factor of 42994?
False
Is 100269 a multiple of 7?
False
Is 678123 a multiple of 476?
False
Is 211831 a multiple of 41?
False
Does 5 divide 125490?
True
Does 11 divide 10934?
True
Is 6 a factor of 5435458?
False
Does 43 divide 3315343?
True
Does 6 divide 87709?
False
Is 388824 a multiple of 408?
True
Is 1171524 a multiple of 1398?
True
Is 127 a factor of 25541732?
True
Is 556216 a multiple of 4?
True
Does 507 divide 243360?
True
Does 118 divide 6010676?
False
Is 33 a factor of 86790?
True
Is 493 a factor of 330422?
False
Is 475995 a multiple of 15?
True
Is 21 a factor of 5957511?
True
Does 358 divide 349050?
True
Is 1883698 a multiple of 38?
True
Does 16 divide 19419?
False
Does 114 divide 494532?
True
Is 11 a factor of 5435265?
True
Is 434599 a multiple of 87?
False
Is 1192436 a multiple of 46?
False
Does 279 divide 2427021?
True
Does 7 divide 42560?
True
Is 878769 a multiple of 27?
True
Is 19 a factor of 2676055?
True
Does 48 divide 1469856?
True
Is 1519979 a multiple of 4?
False
Is 59486 a multiple of 19?
False
Is 8 a factor of 426152?
True
Is 1304478 a multiple of 14?
True
Is 257236 a multiple of 491?
False
Is 2388896 a multiple of 32?
True
Is 307791 a multiple of 99?
True
Is 180 a factor of 120501?
False
Is 329756 a multiple of 154?
False
Is 266916 a multiple of 348?
True
Is 5003007 a multiple of 43?
True
Is 8 a factor of 244744?
True
Is 30100 a multiple of 10?
True
Does 39 divide 1376475?
False
Is 54 a factor of 336366?
True
Is 160337 a multiple of 116?
False
Is 27704190 a multiple of 138?
True
Is 448208 a multiple of 109?
True
Does 65 divide 64475?
False
Is 220 a factor of 459522?
False
Is 24 a factor of 9575283?
False
Is 187 a factor of 2030820?
True
Does 21 divide 487914?
True
Is 245744 a multiple of 145?
False
Is 2947623 a multiple of 71?
False
Is 429 a factor of 251101?
False
Is 305 a factor of 4480145?
True
Is 4765064 a multiple of 29?
False
Is 224 a factor of 12290?
False
Is 518944 a multiple of 16?
True
Is 22 a factor of 484088?
True
Is 150015 a multiple of 73?
True
Is 20 a factor of 2908240?
True
Does 63 divide 642348?
True
Does 56 divide 14896?
True
Is 83 a factor of 1173109?
False
Is 139 a factor of 81546?
False
Does 9 divide 148536?
True
Is 998592 a multiple of 96?
True
Does 7 divide 280195?
False
Is 1648059 a multiple of 31?